Let z(n) = 2*n - 10. List the prime factors of z(b).
2, 3
Let n = -967 - -2426. What are the prime factors of n?
1459
Let t be ((-15)/1)/((-15)/10). Suppose t*g + 390 = 15*g. What are the prime factors of g?
2, 3, 13
What are the prime factors of (-13)/39*-102*138?
2, 3, 17, 23
Suppose 0 = -16*y - 992 + 5728. What are the prime factors of y?
2, 37
Let j be (-10)/10 - (-32)/2. Let r be 1*j/(-3) - -4. What are the prime factors of (-2 - r) + -3 + 7?
3
Let i(v) be the second derivative of v**4/12 + 42*v**2 - 12*v. What are the prime factors of i(0)?
2, 3, 7
Suppose 0 = -173*p + 176*p - 4821. What are the prime factors of p?
1607
Suppose 0 = 5*y + 20, -3*n - 35 = -6*n + 5*y. Let j be 10/25*n/2. Let v(x) = 3*x - 1. List the prime factors of v(j).
2
Let t(m) = -2*m**2 + 2*m + 1. Let n be t(-8). Let x = n + 82. Let a = -35 - x. List the prime factors of a.
2, 13
Let s(z) = -z**3 - 8*z**2 + 13*z + 21. Let h be s(-9). What are the prime factors of 9/h + ((-3258)/(-10))/3?
2, 3
Let s = 0 - 4. Let a(o) = -2*o + 4. Let m be a(s). What are the prime factors of ((-4)/m)/(3/(-99))?
11
Suppose -4*g + 3*i + 34 = 5*i, 4*i - 33 = -3*g. Suppose g*j = 11*j. Suppose -a + 1 + 39 = j. List the prime factors of a.
2, 5
Let c be (-8)/(-56) - (-50)/(-7). Let j(t) = 3*t**2 + 15*t + 1. What are the prime factors of j(c)?
43
Let u(b) = 13*b**2 + 70*b. List the prime factors of u(-10).
2, 3, 5
Suppose -4*d + 54 = 5*n, -8*n + 4*n - 2*d = -48. List the prime factors of (-16597)/(-49) - 1*(-4)/n.
3, 113
Let n(z) = z**3 - 11*z**2 - 56*z + 4. List the prime factors of n(18).
2, 79
Let x = 35 + -38. What are the prime factors of (-8)/4 - 279/x?
7, 13
Let a(f) = 31*f - 26. Let b(y) = 16*y - 13. Let i(q) = 2*a(q) - 5*b(q). List the prime factors of i(-6).
11
Let s(g) = -3*g**3 - 15*g**2 + 8*g. Let m be s(-6). Let i = m - -3. List the prime factors of i.
3, 7
Let i be (-93)/(-18) - 7/42. Suppose -d = 4*b - 5*b + 108, 423 = 4*b + i*d. List the prime factors of b.
107
Let f(y) = 116*y - 232. List the prime factors of f(20).
2, 3, 29
Let x = 14 + -10. Let z be (-12)/(-14)*2527/38. Suppose t - x*t + z = 0. List the prime factors of t.
19
Suppose 4*w - 10999 = -3*z, -5*w - z + 8958 = -4788. List the prime factors of w.
2749
Suppose -4 = -2*u + 2. Let p(y) = 9*y - 9. List the prime factors of p(u).
2, 3
Let s = 11 + 23. Suppose -3*d + 44 + s = 0. List the prime factors of d.
2, 13
Let c = -60 - -390. Suppose 5*x - c - 220 = -5*l, 0 = 4*l + 2*x - 430. What are the prime factors of l?
3, 5, 7
Suppose 2*y - 5*p - 8124 = 0, 55*y - 2*p = 52*y + 12208. List the prime factors of y.
2, 509
Let o(a) = 3*a + 55*a**2 + 27*a**2 + 10*a - 2 - 10*a. What are the prime factors of o(1)?
83
Let p(k) = k**3 + 9*k**2 - 5. Let z be p(-9). Let n(h) = 3*h**2 + 3*h - 5. Let j be n(z). Suppose -11*o + j = -10*o. What are the prime factors of o?
5, 11
Suppose -9*i + 402 = -3396. Suppose 2*p = 3*w + i, -p - 62 = 5*w - 247. List the prime factors of p.
5, 41
Let y(c) = -2*c + 5. Let i be y(7). What are the prime factors of ((-6)/i)/(1/((-27)/(-6)))?
3
Let p = -894 + 290. List the prime factors of (-1)/(4/p) - -1.
2, 19
Let o be 31/11 + 6/33. Suppose 12 = -o*a + a. What are the prime factors of -30*a/9*2?
2, 5
Suppose 3*k - 4*k + x = -224, 2*k - 457 = 5*x. Let c = k + -113. What are the prime factors of c?
2, 3
Let w = 5539 - 417. List the prime factors of w.
2, 13, 197
Suppose -1367 = -6*i + 2*i + 5*m, -2*i = -5*m - 671. List the prime factors of i/15 - 6/30.
23
Suppose 2*y + 0*y = 3*o - 15, o = -y. Let a(z) = 0*z**3 - 8*z + z**o + 6*z**2 - 10 - 4*z + 2*z. What are the prime factors of a(-7)?
11
Let m = 5532 + -2351. List the prime factors of m.
3181
Let v(l) = 17*l**3 - l. List the prime factors of v(3).
2, 3, 19
Suppose -8*x + 5 = 29. What are the prime factors of x/(-2) + 6/(-4) + 24?
2, 3
Let f(g) = 72*g - 182. What are the prime factors of f(16)?
2, 5, 97
Let k(w) = w**2 + 5*w + 19. List the prime factors of k(0).
19
Let d(h) = 0*h + 28 - 4*h + 36 - 35. List the prime factors of d(-13).
3
Let w = -894 + 1686. What are the prime factors of w?
2, 3, 11
Suppose -3*t - 14 = 100. Let f be 6/4*t/(-3). What are the prime factors of f + -3 + (2 - 1)?
17
Let o be (0 - (-1)/(-1)) + (-336)/(-21). List the prime factors of 4731/o - 3/(-5).
2, 79
Let f be (-4)/14 + (-550)/(-14). Let m be (465/(-62))/((-3)/(-2)). Let h = m + f. List the prime factors of h.
2, 17
Let m = 223 - 889. Let x = -476 - m. List the prime factors of x.
2, 5, 19
Let z be 0 + 2 + (-5 - -3). Let h = z + -4. What are the prime factors of (h/6)/((-18)/351)?
13
Let z be 12 - -2 - (-4 + 4). Suppose -3*l = -z + 2. List the prime factors of 2/(-3)*(-282)/l.
47
Let d(h) be the second derivative of 2*h**2 - 1/6*h**3 + 0 - 5*h. What are the prime factors of d(-12)?
2
Let z(t) = 58*t**2 - 6*t - 6. Let r(i) = -29*i**2 + 3*i + 3. Let a(f) = -5*r(f) - 2*z(f). List the prime factors of a(-2).
7, 17
Suppose -26 + 20 = 2*j. Let a(x) = -x**3 - 6*x**2 + 6*x - 1. Let o be a(-7). What are the prime factors of j/o*2*-37?
37
Let q(u) = 3*u - 29. Let k be q(13). Let t(b) = 12*b - 18. What are the prime factors of t(k)?
2, 3, 17
Suppose -c + 841 = 4*h, 0 = c - 3*c + 5*h + 1682. What are the prime factors of c?
29
Suppose -745 - 13302 = -11*k. What are the prime factors of k?
1277
Let r(x) = -x**2 - 4*x + 14. Let g be r(-6). What are the prime factors of (498/21 - -4) + g/7?
2, 7
Suppose -5*r + 1 + 9 = -5*h, 2*r = 8. Suppose -9 = 3*a, -p + 326 = 3*p - h*a. List the prime factors of p.
2, 5
Let i = 46 - 228. Let u = 291 + i. List the prime factors of u.
109
Suppose 5*a - 15 = 5*u - 0*u, 2*a - 8 = u. Suppose -5*b = -4*f + f - 74, 0 = -u*f - 4*b - 20. Let w = f - -37. What are the prime factors of w?
19
Let w(o) = -4 + o**2 + 69*o - 7 - 22 - 81*o. List the prime factors of w(18).
3, 5
Suppose 2*m = r + m - 8, -r - 5*m - 10 = 0. Let o(i) = i**3 - 2*i**2 - 2*i + 6. What are the prime factors of o(r)?
71
Let c(v) = v**3 + 40*v**2 - 8*v + 31. List the prime factors of c(-40).
3, 13
Suppose 14 = f + 2*d, -3*f - 8*d = -7*d - 17. Suppose f*c = -b + 133, 0 = -4*b + 8*b - 2*c - 478. List the prime factors of b.
11
Suppose 2*i + 2 - 14 = 0. Suppose -6 = -2*r + i. Suppose l - 9 + r = 0. List the prime factors of l.
3
Suppose -p + 379 = -5*h, 2*p = 3*p - 4*h - 375. List the prime factors of p.
359
Let h be (-1)/5 + 78/(-10). Let f(c) be the first derivative of -c**3/3 - 13*c**2/2 + 3*c + 18. What are the prime factors of f(h)?
43
Let b = 39 - 31. Let m = 28 - b. List the prime factors of m.
2, 5
Suppose 5*w - 607 = 423. Let k = -104 + w. What are the prime factors of k?
2, 3, 17
Let s(g) be the first derivative of -4 + 8*g**3 + 1/2*g**2 - g. What are the prime factors of s(1)?
2, 3
Suppose -o = -4*z - 2*o + 336, o - 252 = -3*z. List the prime factors of z.
2, 3, 7
Suppose -5*v = q - 515, -v - 43 = -3*q + 1534. List the prime factors of q.
3, 5, 7
Let a = 86 + -152. Suppose 3*x + 150 = -w - 4*w, 3*w + 2*x = -90. Let o = w - a. List the prime factors of o.
2, 3
Let k = -149 - -829. Suppose -188 = -7*s + k. List the prime factors of s.
2, 31
Let a(t) = 4*t**3 - 21*t**2 + 29*t + 11. List the prime factors of a(12).
31, 137
Let h = -236 + 444. List the prime factors of h.
2, 13
Suppose 5*k - 7*k + 56 = 0. Let h be ((-6)/4)/((-2)/(-4)). Let s = k - h. What are the prime factors of s?
31
Let g(s) = s**2 + 6*s - 6. Let w be g(-6). Let d be (-24)/42*21/w. Suppose -2*x = -7*x + 4*z + 311, -4*x - d*z + 228 = 0. List the prime factors of x.
59
Let o(y) = -9*y + 15. Let n be o(5). Suppose 4*a + 3*u = 197, 5*u = -4*a - a + 245. Let h = n + a. List the prime factors of h.
2, 5
Suppose 0 = -3*f + 5*w + 4168, -12*f = -8*f - 2*w - 5534. List the prime factors of f.
1381
Let j be 4/12 + 33/9. What are the prime factors of j/(-16) - 1119/(-12)?
3, 31
Suppose 2*q + 15 = -13. Let d(y) = y + 27. What are the prime factors of d(q)?
13
Let h(w) = 11*w**2 - 23*w - 24. List the prime factors of h(6).
2, 3, 13
Let t = 132 - -1404. What are the prime factors of t?
2, 3
Let j be (27/(-12) - -2)/(2/8). List the prime factors of ((-270)/(-18))/((j + -1)/(-2)).
3, 5
Let b(u) = -u**3 - 7*u**2 + 4*u + 3. Let y be b(-6). Let f = -16 - y. Let m = f - 20. List the prime factors of m.
3, 7
Let z(q) = -q**3 + 12*q**2 - 12*q - 